[INFO] cloning repository https://github.com/ashishjsharda/DesignTwitter_Rust
[INFO] running `Command { std: "git" "-c" "credential.helper=" "-c" "credential.helper=/workspace/cargo-home/bin/git-credential-null" "clone" "--bare" "https://github.com/ashishjsharda/DesignTwitter_Rust" "/workspace/cache/git-repos/https%3A%2F%2Fgithub.com%2Fashishjsharda%2FDesignTwitter_Rust", kill_on_drop: false }`
[INFO] [stderr] Cloning into bare repository '/workspace/cache/git-repos/https%3A%2F%2Fgithub.com%2Fashishjsharda%2FDesignTwitter_Rust'...
[INFO] running `Command { std: "git" "rev-parse" "HEAD", kill_on_drop: false }`
[INFO] [stdout] cdaf377f4d6d6ef7d94a03516232c50c7ebf710c
[INFO] checking ashishjsharda/DesignTwitter_Rust against master#9610dfe5a9a731ced1ea4923ecbd0c57fe367898 for beta-170-4
[INFO] running `Command { std: "git" "clone" "/workspace/cache/git-repos/https%3A%2F%2Fgithub.com%2Fashishjsharda%2FDesignTwitter_Rust" "/workspace/builds/worker-3-tc1/source", kill_on_drop: false }`
[INFO] [stderr] Cloning into '/workspace/builds/worker-3-tc1/source'...
[INFO] [stderr] done.
[INFO] validating manifest of git repo https://github.com/ashishjsharda/DesignTwitter_Rust on toolchain 9610dfe5a9a731ced1ea4923ecbd0c57fe367898
[INFO] running `Command { std: CARGO_HOME="/workspace/cargo-home" RUSTUP_HOME="/workspace/rustup-home" "/workspace/cargo-home/bin/cargo" "+9610dfe5a9a731ced1ea4923ecbd0c57fe367898" "metadata" "--manifest-path" "Cargo.toml" "--no-deps", kill_on_drop: false }`
[INFO] started tweaking git repo https://github.com/ashishjsharda/DesignTwitter_Rust
[INFO] finished tweaking git repo https://github.com/ashishjsharda/DesignTwitter_Rust
[INFO] tweaked toml for git repo https://github.com/ashishjsharda/DesignTwitter_Rust written to /workspace/builds/worker-3-tc1/source/Cargo.toml
[INFO] crate git repo https://github.com/ashishjsharda/DesignTwitter_Rust already has a lockfile, it will not be regenerated
[INFO] running `Command { std: CARGO_HOME="/workspace/cargo-home" RUSTUP_HOME="/workspace/rustup-home" "/workspace/cargo-home/bin/cargo" "+9610dfe5a9a731ced1ea4923ecbd0c57fe367898" "fetch" "--manifest-path" "Cargo.toml", kill_on_drop: false }`
[INFO] running `Command { std: "docker" "create" "-v" "/var/lib/crater-agent-workspace/builds/worker-3-tc1/target:/opt/rustwide/target:rw,Z" "-v" "/var/lib/crater-agent-workspace/builds/worker-3-tc1/source:/opt/rustwide/workdir:ro,Z" "-v" "/var/lib/crater-agent-workspace/cargo-home:/opt/rustwide/cargo-home:ro,Z" "-v" "/var/lib/crater-agent-workspace/rustup-home:/opt/rustwide/rustup-home:ro,Z" "-e" "SOURCE_DIR=/opt/rustwide/workdir" "-e" "CARGO_TARGET_DIR=/opt/rustwide/target" "-e" "CARGO_HOME=/opt/rustwide/cargo-home" "-e" "RUSTUP_HOME=/opt/rustwide/rustup-home" "-w" "/opt/rustwide/workdir" "-m" "1610612736" "--user" "0:0" "--network" "none" "ghcr.io/rust-lang/crates-build-env/linux@sha256:19e73879b68f455e41552ea35293514db52ea292d993f571636dbffedb77a1ee" "/opt/rustwide/cargo-home/bin/cargo" "+9610dfe5a9a731ced1ea4923ecbd0c57fe367898" "metadata" "--no-deps" "--format-version=1", kill_on_drop: false }`
[INFO] [stdout] a91c154024a1b54c03f5a1bbbfa9c6a69f33e35e496bf97943bc54f142487a3d
[INFO] running `Command { std: "docker" "start" "-a" "a91c154024a1b54c03f5a1bbbfa9c6a69f33e35e496bf97943bc54f142487a3d", kill_on_drop: false }`
[INFO] running `Command { std: "docker" "inspect" "a91c154024a1b54c03f5a1bbbfa9c6a69f33e35e496bf97943bc54f142487a3d", kill_on_drop: false }`
[INFO] running `Command { std: "docker" "rm" "-f" "a91c154024a1b54c03f5a1bbbfa9c6a69f33e35e496bf97943bc54f142487a3d", kill_on_drop: false }`
[INFO] [stdout] a91c154024a1b54c03f5a1bbbfa9c6a69f33e35e496bf97943bc54f142487a3d
[INFO] running `Command { std: "docker" "create" "-v" "/var/lib/crater-agent-workspace/builds/worker-3-tc1/target:/opt/rustwide/target:rw,Z" "-v" "/var/lib/crater-agent-workspace/builds/worker-3-tc1/source:/opt/rustwide/workdir:ro,Z" "-v" "/var/lib/crater-agent-workspace/cargo-home:/opt/rustwide/cargo-home:ro,Z" "-v" "/var/lib/crater-agent-workspace/rustup-home:/opt/rustwide/rustup-home:ro,Z" "-e" "SOURCE_DIR=/opt/rustwide/workdir" "-e" "CARGO_TARGET_DIR=/opt/rustwide/target" "-e" "CARGO_INCREMENTAL=0" "-e" "RUST_BACKTRACE=full" "-e" "RUSTFLAGS=--cap-lints=forbid" "-e" "RUSTDOCFLAGS=--cap-lints=forbid" "-e" "CARGO_HOME=/opt/rustwide/cargo-home" "-e" "RUSTUP_HOME=/opt/rustwide/rustup-home" "-w" "/opt/rustwide/workdir" "-m" "1610612736" "--user" "0:0" "--network" "none" "ghcr.io/rust-lang/crates-build-env/linux@sha256:19e73879b68f455e41552ea35293514db52ea292d993f571636dbffedb77a1ee" "/opt/rustwide/cargo-home/bin/cargo" "+9610dfe5a9a731ced1ea4923ecbd0c57fe367898" "check" "--frozen" "--all" "--all-targets" "--message-format=json", kill_on_drop: false }`
[INFO] [stdout] c14960b8698e3d0cda97380ba685b0bfbe588e000fe903f2fde2f6831804d251
[INFO] running `Command { std: "docker" "start" "-a" "c14960b8698e3d0cda97380ba685b0bfbe588e000fe903f2fde2f6831804d251", kill_on_drop: false }`
[INFO] [stderr]    Compiling libc v0.2.133
[INFO] [stderr]    Compiling futures-core v0.3.24
[INFO] [stderr]     Checking once_cell v1.15.0
[INFO] [stderr]    Compiling lock_api v0.4.9
[INFO] [stderr]     Checking bytes v1.2.1
[INFO] [stderr]    Compiling tokio v1.21.1
[INFO] [stderr]    Compiling serde v1.0.145
[INFO] [stderr]    Compiling proc-macro2 v1.0.44
[INFO] [stderr]     Checking itoa v1.0.3
[INFO] [stderr]    Compiling typenum v1.15.0
[INFO] [stderr]     Checking tracing-core v0.1.29
[INFO] [stderr]    Compiling generic-array v0.14.6
[INFO] [stderr]    Compiling futures-task v0.3.24
[INFO] [stderr]    Compiling quote v1.0.21
[INFO] [stderr]    Compiling unicode-ident v1.0.4
[INFO] [stderr]    Compiling futures-util v0.3.24
[INFO] [stderr]    Compiling syn v1.0.101
[INFO] [stderr]     Checking tracing v0.1.36
[INFO] [stderr]     Checking futures-sink v0.3.24
[INFO] [stderr]    Compiling memchr v2.5.0
[INFO] [stderr]    Compiling slab v0.4.7
[INFO] [stderr]     Checking alloc-no-stdlib v2.0.4
[INFO] [stderr]     Checking parking_lot_core v0.9.3
[INFO] [stderr]    Compiling jobserver v0.1.25
[INFO] [stderr]     Checking signal-hook-registry v1.4.0
[INFO] [stderr]     Checking socket2 v0.4.7
[INFO] [stderr]     Checking mio v0.8.4
[INFO] [stderr]     Checking parking_lot v0.12.1
[INFO] [stderr]    Compiling cc v1.0.73
[INFO] [stderr]     Checking getrandom v0.2.7
[INFO] [stderr]    Compiling zstd-safe v5.0.2+zstd.1.5.2
[INFO] [stderr]     Checking local-waker v0.1.3
[INFO] [stderr]     Checking http v0.2.8
[INFO] [stderr]     Checking rand_core v0.6.4
[INFO] [stderr]    Compiling aho-corasick v0.7.19
[INFO] [stderr]     Checking alloc-stdlib v0.2.2
[INFO] [stderr]     Checking crypto-common v0.1.6
[INFO] [stderr]     Checking block-buffer v0.10.3
[INFO] [stderr]    Compiling ahash v0.7.6
[INFO] [stderr]    Compiling pin-project-lite v0.2.9
[INFO] [stderr]    Compiling paste v1.0.9
[INFO] [stderr]    Compiling zstd-sys v2.0.1+zstd.1.5.2
[INFO] [stderr]    Compiling regex-syntax v0.6.27
[INFO] [stderr]    Compiling encoding_rs v0.8.31
[INFO] [stderr]     Checking rand_chacha v0.3.1
[INFO] [stderr]     Checking actix-service v2.0.2
[INFO] [stderr]     Checking indexmap v1.9.1
[INFO] [stderr]     Checking miniz_oxide v0.5.4
[INFO] [stderr]     Checking digest v0.10.5
[INFO] [stderr]     Checking brotli-decompressor v2.3.2
[INFO] [stderr]    Compiling bytestring v1.1.0
[INFO] [stderr]     Checking unicode-normalization v0.1.22
[INFO] [stderr]     Checking actix-utils v3.0.0
[INFO] [stderr]    Compiling cookie v0.16.1
[INFO] [stderr]     Checking num_threads v0.1.6
[INFO] [stderr]     Checking ryu v1.0.11
[INFO] [stderr]     Checking tokio-util v0.7.4
[INFO] [stderr]     Checking actix-rt v2.7.0
[INFO] [stderr]    Compiling serde_json v1.0.85
[INFO] [stderr]    Compiling regex v1.6.0
[INFO] [stderr]    Compiling time-macros v0.2.4
[INFO] [stderr]     Checking cpufeatures v0.2.5
[INFO] [stderr]     Checking h2 v0.3.14
[INFO] [stderr]     Checking sha1 v0.10.5
[INFO] [stderr]     Checking actix-codec v0.5.0
[INFO] [stderr]     Checking idna v0.3.0
[INFO] [stderr]     Checking brotli v3.3.4
[INFO] [stderr]     Checking flate2 v1.0.24
[INFO] [stderr]     Checking rand v0.8.5
[INFO] [stderr]     Checking time v0.3.14
[INFO] [stderr]    Compiling actix-router v0.5.1
[INFO] [stderr]     Checking local-channel v0.1.3
[INFO] [stderr]     Checking num_cpus v1.13.1
[INFO] [stderr]     Checking language-tags v0.3.2
[INFO] [stderr]     Checking actix-server v2.1.1
[INFO] [stderr]     Checking url v2.3.1
[INFO] [stderr]     Checking serde_urlencoded v0.7.1
[INFO] [stderr]    Compiling derive_more v0.99.17
[INFO] [stderr]    Compiling actix-web-codegen v4.1.0
[INFO] [stderr]    Compiling actix-macros v0.2.3
[INFO] [stderr]     Checking zstd v0.11.2+zstd.1.5.2
[INFO] [stderr]     Checking actix-http v3.2.2
[INFO] [stderr]     Checking actix-web v4.2.1
[INFO] [stderr]     Checking TwitterRust v0.1.0 (/opt/rustwide/workdir)
[INFO] [stdout] error[E0432]: unresolved import `crate::constants`
[INFO] [stdout]  --> src/tweet.rs:8:12
[INFO] [stdout]   |
[INFO] [stdout] 8 | use crate::constants::APPLICATION_JSON;
[INFO] [stdout]   |            ^^^^^^^^^ could not find `constants` in the crate root
[INFO] [stdout] 
[INFO] [stdout] 
[INFO] [stdout] error[E0432]: unresolved import `crate::like`
[INFO] [stdout]  --> src/tweet.rs:9:12
[INFO] [stdout]   |
[INFO] [stdout] 9 | use crate::like::Like;
[INFO] [stdout]   |            ^^^^ could not find `like` in the crate root
[INFO] [stdout] 
[INFO] [stdout] 
[INFO] [stdout] error[E0432]: unresolved import `crate::response`
[INFO] [stdout]   --> src/tweet.rs:10:12
[INFO] [stdout]    |
[INFO] [stdout] 10 | use crate::response::Response;
[INFO] [stdout]    |            ^^^^^^^^ could not find `response` in the crate root
[INFO] [stdout] 
[INFO] [stdout] 
[INFO] [stdout] error[E0432]: unresolved import `chrono`
[INFO] [stdout]  --> src/tweet.rs:4:5
[INFO] [stdout]   |
[INFO] [stdout] 4 | use chrono::{DateTime, Utc};
[INFO] [stdout]   |     ^^^^^^ use of undeclared crate or module `chrono`
[INFO] [stdout] 
[INFO] [stdout] 
[INFO] [stdout] error[E0432]: unresolved import `serde`
[INFO] [stdout]  --> src/tweet.rs:5:5
[INFO] [stdout]   |
[INFO] [stdout] 5 | use serde::{Deserialize, Serialize};
[INFO] [stdout]   |     ^^^^^ use of undeclared crate or module `serde`
[INFO] [stdout] 
[INFO] [stdout] 
[INFO] [stdout] error[E0432]: unresolved import `uuid`
[INFO] [stdout]  --> src/tweet.rs:6:5
[INFO] [stdout]   |
[INFO] [stdout] 6 | use uuid::Uuid;
[INFO] [stdout]   |     ^^^^ use of undeclared crate or module `uuid`
[INFO] [stdout] 
[INFO] [stdout] 
[INFO] [stdout] error: cannot determine resolution for the derive macro `Deserialize`
[INFO] [stdout]   --> src/tweet.rs:12:17
[INFO] [stdout]    |
[INFO] [stdout] 12 | #[derive(Debug, Deserialize, Serialize)]
[INFO] [stdout]    |                 ^^^^^^^^^^^
[INFO] [stdout]    |
[INFO] [stdout]    = note: import resolution is stuck, try simplifying macro imports
[INFO] [stdout] 
[INFO] [stdout] 
[INFO] [stdout] error: cannot determine resolution for the derive macro `Serialize`
[INFO] [stdout]   --> src/tweet.rs:12:30
[INFO] [stdout]    |
[INFO] [stdout] 12 | #[derive(Debug, Deserialize, Serialize)]
[INFO] [stdout]    |                              ^^^^^^^^^
[INFO] [stdout]    |
[INFO] [stdout]    = note: import resolution is stuck, try simplifying macro imports
[INFO] [stdout] 
[INFO] [stdout] 
[INFO] [stdout] error[E0432]: unresolved import `crate::constants`
[INFO] [stdout]  --> src/tweet.rs:8:12
[INFO] [stdout]   |
[INFO] [stdout] 8 | use crate::constants::APPLICATION_JSON;
[INFO] [stdout]   |            ^^^^^^^^^ could not find `constants` in the crate root
[INFO] [stdout] 
[INFO] [stdout] 
[INFO] [stdout] error[E0432]: unresolved import `crate::like`
[INFO] [stdout]  --> src/tweet.rs:9:12
[INFO] [stdout]   |
[INFO] [stdout] 9 | use crate::like::Like;
[INFO] [stdout]   |            ^^^^ could not find `like` in the crate root
[INFO] [stdout] 
[INFO] [stdout] 
[INFO] [stdout] error[E0432]: unresolved import `crate::response`
[INFO] [stdout]   --> src/tweet.rs:10:12
[INFO] [stdout]    |
[INFO] [stdout] 10 | use crate::response::Response;
[INFO] [stdout]    |            ^^^^^^^^ could not find `response` in the crate root
[INFO] [stdout] 
[INFO] [stdout] 
[INFO] [stdout] error[E0432]: unresolved import `chrono`
[INFO] [stdout]  --> src/tweet.rs:4:5
[INFO] [stdout]   |
[INFO] [stdout] 4 | use chrono::{DateTime, Utc};
[INFO] [stdout]   |     ^^^^^^ use of undeclared crate or module `chrono`
[INFO] [stdout] 
[INFO] [stdout] 
[INFO] [stdout] error[E0432]: unresolved import `serde`
[INFO] [stdout]  --> src/tweet.rs:5:5
[INFO] [stdout]   |
[INFO] [stdout] 5 | use serde::{Deserialize, Serialize};
[INFO] [stdout]   |     ^^^^^ use of undeclared crate or module `serde`
[INFO] [stdout] 
[INFO] [stdout] 
[INFO] [stdout] error[E0432]: unresolved import `uuid`
[INFO] [stdout]  --> src/tweet.rs:6:5
[INFO] [stdout]   |
[INFO] [stdout] 6 | use uuid::Uuid;
[INFO] [stdout]   |     ^^^^ use of undeclared crate or module `uuid`
[INFO] [stdout] 
[INFO] [stdout] 
[INFO] [stdout] error: cannot determine resolution for the derive macro `Deserialize`
[INFO] [stdout]   --> src/tweet.rs:12:17
[INFO] [stdout]    |
[INFO] [stdout] 12 | #[derive(Debug, Deserialize, Serialize)]
[INFO] [stdout]    |                 ^^^^^^^^^^^
[INFO] [stdout]    |
[INFO] [stdout]    = note: import resolution is stuck, try simplifying macro imports
[INFO] [stdout] 
[INFO] [stdout] 
[INFO] [stdout] error: cannot determine resolution for the derive macro `Serialize`
[INFO] [stdout]   --> src/tweet.rs:12:30
[INFO] [stdout]    |
[INFO] [stdout] 12 | #[derive(Debug, Deserialize, Serialize)]
[INFO] [stdout]    |                              ^^^^^^^^^
[INFO] [stdout]    |
[INFO] [stdout]    = note: import resolution is stuck, try simplifying macro imports
[INFO] [stdout] 
[INFO] [stdout] 
[INFO] [stdout] error[E0412]: cannot find type `User` in this scope
[INFO] [stdout]   --> src/tweet.rs:25:11
[INFO] [stdout]    |
[INFO] [stdout] 25 |     user: User,
[INFO] [stdout]    |           ^^^^ not found in this scope
[INFO] [stdout] 
[INFO] [stdout] 
[INFO] [stdout] error[E0412]: cannot find type `Geo` in this scope
[INFO] [stdout]   --> src/tweet.rs:26:17
[INFO] [stdout]    |
[INFO] [stdout] 26 |     geo: Option<Geo>,
[INFO] [stdout]    |                 ^^^ not found in this scope
[INFO] [stdout]    |
[INFO] [stdout] help: you might be missing a type parameter
[INFO] [stdout]    |
[INFO] [stdout] 13 | pub struct Tweet<Geo> {
[INFO] [stdout]    |                 +++++
[INFO] [stdout] 
[INFO] [stdout] 
[INFO] [stdout] error[E0412]: cannot find type `Coordinates` in this scope
[INFO] [stdout]   --> src/tweet.rs:27:25
[INFO] [stdout]    |
[INFO] [stdout] 27 |     coordinates: Option<Coordinates>,
[INFO] [stdout]    |                         ^^^^^^^^^^^ not found in this scope
[INFO] [stdout]    |
[INFO] [stdout] help: you might be missing a type parameter
[INFO] [stdout]    |
[INFO] [stdout] 13 | pub struct Tweet<Coordinates> {
[INFO] [stdout]    |                 +++++++++++++
[INFO] [stdout] 
[INFO] [stdout] 
[INFO] [stdout] error[E0412]: cannot find type `User` in this scope
[INFO] [stdout]   --> src/tweet.rs:25:11
[INFO] [stdout]    |
[INFO] [stdout] 25 |     user: User,
[INFO] [stdout]    |           ^^^^ not found in this scope
[INFO] [stdout] 
[INFO] [stdout] 
[INFO] [stdout] error[E0412]: cannot find type `Geo` in this scope
[INFO] [stdout]   --> src/tweet.rs:26:17
[INFO] [stdout]    |
[INFO] [stdout] 26 |     geo: Option<Geo>,
[INFO] [stdout]    |                 ^^^ not found in this scope
[INFO] [stdout]    |
[INFO] [stdout] help: you might be missing a type parameter
[INFO] [stdout]    |
[INFO] [stdout] 13 | pub struct Tweet<Geo> {
[INFO] [stdout]    |                 +++++
[INFO] [stdout] 
[INFO] [stdout] 
[INFO] [stdout] error[E0412]: cannot find type `Coordinates` in this scope
[INFO] [stdout]   --> src/tweet.rs:27:25
[INFO] [stdout]    |
[INFO] [stdout] 27 |     coordinates: Option<Coordinates>,
[INFO] [stdout]    |                         ^^^^^^^^^^^ not found in this scope
[INFO] [stdout]    |
[INFO] [stdout] help: you might be missing a type parameter
[INFO] [stdout]    |
[INFO] [stdout] 13 | pub struct Tweet<Coordinates> {
[INFO] [stdout]    |                 +++++++++++++
[INFO] [stdout] 
[INFO] [stdout] 
[INFO] [stdout] error[E0412]: cannot find type `Place` in this scope
[INFO] [stdout]   --> src/tweet.rs:28:19
[INFO] [stdout]    |
[INFO] [stdout] 28 |     place: Option<Place>,
[INFO] [stdout]    |                   ^^^^^ not found in this scope
[INFO] [stdout]    |
[INFO] [stdout] help: you might be missing a type parameter
[INFO] [stdout]    |
[INFO] [stdout] 13 | pub struct Tweet<Place> {
[INFO] [stdout]    |                 +++++++
[INFO] [stdout] 
[INFO] [stdout] 
[INFO] [stdout] error[E0412]: cannot find type `Place` in this scope
[INFO] [stdout]   --> src/tweet.rs:28:19
[INFO] [stdout]    |
[INFO] [stdout] 28 |     place: Option<Place>,
[INFO] [stdout]    |                   ^^^^^ not found in this scope
[INFO] [stdout]    |
[INFO] [stdout] help: you might be missing a type parameter
[INFO] [stdout]    |
[INFO] [stdout] 13 | pub struct Tweet<Place> {
[INFO] [stdout]    |                 +++++++
[INFO] [stdout] 
[INFO] [stdout] 
[INFO] [stdout] error[E0412]: cannot find type `Contributor` in this scope
[INFO] [stdout]   --> src/tweet.rs:29:30
[INFO] [stdout]    |
[INFO] [stdout] 29 |     contributors: Option<Vec<Contributor>>,
[INFO] [stdout]    |                              ^^^^^^^^^^^ not found in this scope
[INFO] [stdout]    |
[INFO] [stdout] help: you might be missing a type parameter
[INFO] [stdout]    |
[INFO] [stdout] 13 | pub struct Tweet<Contributor> {
[INFO] [stdout]    |                 +++++++++++++
[INFO] [stdout] 
[INFO] [stdout] 
[INFO] [stdout] error[E0412]: cannot find type `Contributor` in this scope
[INFO] [stdout]   --> src/tweet.rs:29:30
[INFO] [stdout]    |
[INFO] [stdout] 29 |     contributors: Option<Vec<Contributor>>,
[INFO] [stdout]    |                              ^^^^^^^^^^^ not found in this scope
[INFO] [stdout]    |
[INFO] [stdout] help: you might be missing a type parameter
[INFO] [stdout]    |
[INFO] [stdout] 13 | pub struct Tweet<Contributor> {
[INFO] [stdout]    |                 +++++++++++++
[INFO] [stdout] 
[INFO] [stdout] 
[INFO] [stdout] warning: unused imports: `Json`, `Path`
[INFO] [stdout]  --> src/tweet.rs:2:22
[INFO] [stdout]   |
[INFO] [stdout] 2 | use actix_web::web::{Json, Path};
[INFO] [stdout]   |                      ^^^^  ^^^^
[INFO] [stdout]   |
[INFO] [stdout]   = note: `#[warn(unused_imports)]` on by default
[INFO] [stdout] 
[INFO] [stdout] 
[INFO] [stdout] warning: unused import: `actix_web::HttpResponse`
[INFO] [stdout]  --> src/tweet.rs:3:5
[INFO] [stdout]   |
[INFO] [stdout] 3 | use actix_web::HttpResponse;
[INFO] [stdout]   |     ^^^^^^^^^^^^^^^^^^^^^^^
[INFO] [stdout] 
[INFO] [stdout] 
[INFO] [stdout] warning: unused imports: `Json`, `Path`
[INFO] [stdout]  --> src/tweet.rs:2:22
[INFO] [stdout]   |
[INFO] [stdout] 2 | use actix_web::web::{Json, Path};
[INFO] [stdout]   |                      ^^^^  ^^^^
[INFO] [stdout]   |
[INFO] [stdout]   = note: `#[warn(unused_imports)]` on by default
[INFO] [stdout] 
[INFO] [stdout] 
[INFO] [stdout] warning: unused imports: `env`, `io`
[INFO] [stdout]  --> src/main.rs:4:11
[INFO] [stdout]   |
[INFO] [stdout] 4 | use std::{env,io};
[INFO] [stdout]   |           ^^^ ^^
[INFO] [stdout] 
[INFO] [stdout] 
[INFO] [stdout] warning: unused import: `actix_web::HttpResponse`
[INFO] [stdout]  --> src/tweet.rs:3:5
[INFO] [stdout]   |
[INFO] [stdout] 3 | use actix_web::HttpResponse;
[INFO] [stdout]   |     ^^^^^^^^^^^^^^^^^^^^^^^
[INFO] [stdout] 
[INFO] [stdout] 
[INFO] [stdout] warning: unused imports: `env`, `io`
[INFO] [stdout]  --> src/main.rs:4:11
[INFO] [stdout]   |
[INFO] [stdout] 4 | use std::{env,io};
[INFO] [stdout]   |           ^^^ ^^
[INFO] [stdout] 
[INFO] [stdout] 
[INFO] [stdout] warning: unused imports: `App`, `HttpResponse`, `HttpServer`, `Responder`, `web`
[INFO] [stdout]  --> src/main.rs:5:17
[INFO] [stdout]   |
[INFO] [stdout] 5 | use actix_web::{web, App, HttpResponse, HttpServer, Responder};
[INFO] [stdout]   |                 ^^^  ^^^  ^^^^^^^^^^^^  ^^^^^^^^^^  ^^^^^^^^^
[INFO] [stdout] 
[INFO] [stdout] 
[INFO] [stdout] warning: unused imports: `App`, `HttpResponse`, `HttpServer`, `Responder`, `web`
[INFO] [stdout]  --> src/main.rs:5:17
[INFO] [stdout]   |
[INFO] [stdout] 5 | use actix_web::{web, App, HttpResponse, HttpServer, Responder};
[INFO] [stdout]   |                 ^^^  ^^^  ^^^^^^^^^^^^  ^^^^^^^^^^  ^^^^^^^^^
[INFO] [stdout] 
[INFO] [stdout] 
[INFO] [stdout] error: aborting due to 13 previous errors; 4 warnings emitted
[INFO] [stdout] 
[INFO] [stdout] 
[INFO] [stdout] Some errors have detailed explanations: E0412, E0432.
[INFO] [stdout] 
[INFO] [stdout] For more information about an error, try `rustc --explain E0412`.
[INFO] [stdout] 
[INFO] [stdout] error: aborting due to 13 previous errors; 4 warnings emitted
[INFO] [stdout] 
[INFO] [stdout] 
[INFO] [stdout] Some errors have detailed explanations: E0412, E0432.
[INFO] [stdout] 
[INFO] [stdout] For more information about an error, try `rustc --explain E0412`.
[INFO] [stdout] 
[INFO] [stderr] error: could not compile `TwitterRust` (bin "TwitterRust") due to 14 previous errors; 4 warnings emitted
[INFO] [stderr] warning: build failed, waiting for other jobs to finish...
[INFO] [stderr] error: could not compile `TwitterRust` (bin "TwitterRust" test) due to 14 previous errors; 4 warnings emitted
[INFO] running `Command { std: "docker" "inspect" "c14960b8698e3d0cda97380ba685b0bfbe588e000fe903f2fde2f6831804d251", kill_on_drop: false }`
[INFO] running `Command { std: "docker" "rm" "-f" "c14960b8698e3d0cda97380ba685b0bfbe588e000fe903f2fde2f6831804d251", kill_on_drop: false }`
[INFO] [stdout] c14960b8698e3d0cda97380ba685b0bfbe588e000fe903f2fde2f6831804d251
